 divided by 75?
57
What is the remainder when 158767 is divided by 13?
11
What is the remainder when 292506 is divided by 52?
6
Calculate the remainder when 8867 is divided by 47.
31
Calculate the remainder when 103077 is divided by 30.
27
Calculate the remainder when 5086 is divided by 1748.
1590
Calculate the remainder when 1677870 is divided by 111858.
0
Calculate the remainder when 18665 is divided by 9.
8
Calculate the remainder when 16303 is divided by 578.
119
What is the remainder when 97 is divided by 80?
17
What is the remainder when 11444 is divided by 159?
155
What is the remainder when 31211 is divided by 36?
35
Calculate the remainder when 5810 is divided by 644.
14
Calculate the remainder when 23565 is divided by 117.
48
What is the remainder when 1705131 is divided by 51?
48
What is the remainder when 3609 is divided by 72?
9
What is the remainder when 1306768 is divided by 434?
428
What is the remainder when 127516 is divided by 322?
4
What is the remainder when 9474 is divided by 678?
660
What is the remainder when 7031289 is divided by 32?
25
Calculate the remainder when 29743 is divided by 214.
211
Calculate the remainder when 101993 is divided by 1.
0
What is the remainder when 91704 is divided by 285?
219
What is the remainder when 47041 is divided by 7840?
1
What is the remainder when 29456 is divided by 43?
1
Calculate the remainder when 22620 is divided by 16.
12
What is the remainder when 23919 is divided by 114?
93
What is the remainder when 20209 is divided by 186?
121
Calculate the remainder when 234419 is divided by 19.
16
Calculate the remainder when 22056 is divided by 126.
6
What is the remainder when 9212 is divided by 1285?
217
Calculate the remainder when 256458 is divided by 5.
3
What is the remainder when 24164 is divided by 23935?
229
Calculate the remainder when 16210 is divided by 26.
12
What is the remainder when 156733 is divided by 645?
643
Calculate the remainder when 22257 is divided by 10835.
587
Calculate the remainder when 992 is divided by 123.
8
What is the remainder when 17394 is divided by 15?
9
What is the remainder when 4226 is divided by 103?
3
Calculate the remainder when 4169 is divided by 297.
11
Calculate the remainder when 13029 is divided by 36.
33
Calculate the remainder when 14643 is divided by 1614.
117
What is the remainder when 545709 is divided by 301?
297
Calculate the remainder when 341685 is divided by 170827.
31
What is the remainder when 8753 is divided by 2874?
131
What is the remainder when 11525 is divided by 444?
425
What is the remainder when 207951 is divided by 2?
1
Calculate the remainder when 298286 is divided by 503.
7
Calculate the remainder when 11366 is divided by 1420.
6
What is the remainder when 15055 is divided by 3749?
59
Calculate the remainder when 11163 is divided by 11110.
53
What is the remainder when 13117 is divided by 328?
325
What is the remainder when 3021 is divided by 62?
45
Calculate the remainder when 10484 is divided by 318.
308
Calculate the remainder when 1524 is divided by 297.
39
Calculate the remainder when 25536 is divided by 222.
6
Calculate the remainder when 208399 is divided by 100.
99
Calculate the remainder when 2796 is divided by 400.
396
What is the remainder when 29146 is divided by 2080?
26
What is the remainder when 1433 is divided by 516?
401
Calculate the remainder when 228283 is divided by 1951.
16
Calculate the remainder when 39439 is divided by 290.
289
What is the remainder when 2862 is divided by 137?
122
What is the remainder when 1613 is divided by 356?
189
Calculate the remainder when 4347 is divided by 195.
57
Calculate the remainder when 9497 is divided by 6.
5
Calculate the remainder when 15988 is divided by 246.
244
What is the remainder when 6182 is divided by 6146?
36
Calculate the remainder when 18455 is divided by 326.
199
What is the remainder when 28901 is divided by 53?
16
Calculate the remainder when 1120951 is divided by 541.
540
Calculate the remainder when 1813 is divided by 472.
397
Calculate the remainder when 7504 is divided by 176.
112
Calculate the remainder when 13004 is divided by 41.
7
What is the remainder when 4936 is divided by 85?
6
What is the remainder when 673 is divided by 175?
148
Calculate the remainder when 340345 is divided by 63.
19
Calculate the remainder when 243991 is divided by 14352.
7
Calculate the remainder when 11752 is divided by 5822.
108
What is the remainder when 33942 is divided by 207?
201
What is the remainder when 4765 is divided by 132?
13
Calculate the remainder when 1393 is divided by 118.
95
What is the remainder when 75802 is divided by 38?
30
What is the remainder when 331431 is divided by 1265?
1
What is the remainder when 4872 is divided by 1614?
30
Calculate the remainder when 41261 is divided by 1966.
1941
Calculate the remainder when 1541 is divided by 1396.
145
Calculate the remainder when 34644 is divided by 988.
64
What is the remainder when 77228 is divided by 61?
2
Calculate the remainder when 3613 is divided by 32.
29
Calculate the remainder when 2532 is divided by 1691.
841
What is the remainder when 64012 is divided by 98?
18
What is the remainder when 441605 is divided by 110384?
69
What is the remainder when 3348 is divided by 1295?
758
What is the remainder when 22493 is divided by 7493?
14
Calculate the remainder when 4424 is divided by 1596.
1232
What is the remainder when 3954 is divided by 657?
12
Calculate the remainder when 4240 is divided by 7.
5
What is the remainder when 4216 is divided by 1395?
31
Calculate the remainder when 21071 is divided by 11.
6
Calculate the remainder when 7452 is divided by 1368.
612
Calculate the remainder when 9238 is divided by 66.
64
What is the remainder when 206336 is divided by 20?
16
What is the remainder when 1513 is divided by 26?
5
What is the remainder when 104961 is divided by 437?
81
Calculate the remainder when 7374 is divided by 2439.
57
Calculate the remainder when 73822 is divided by 24598.
28
Calculate the remainder when 2161621 is divided by 48.
37
Calculate the remainder when 433332 is divided by 11.
9
What is the remainder when 390 is divided by 21?
12
What is the remainder when 136599 is divided by 6?
3
What is the remainder when 1171 is divided by 240?
211
What is the remainder when 171659 is divided by 344?
3
Calculate the remainder when 1093 is divided by 1074.
19
Calculate the remainder when 773088 is divided by 627.
624
Calculate the remainder when 15694 is divided by 1041.
79
What is the remainder when 1646 is divided by 86?
12
Calculate the remainder when 7818 is divided by 3516.
786
What is the remainder when 2143893 is divided by 65?
63
Calculate the remainder when 2796973 is divided by 16.
13
What is the remainder when 25112 is divided by 160?
152
Calculate the remainder when 67103 is divided by 1065.
8
Calculate the remainder when 116887 is divided by 1285.
1237
Calculate the remainder when 20704 is divided by 1218.
1216
What is the remainder when 76111 is divided by 1312?
15
What is the remainder when 5812 is divided by 11?
4
Calculate the remainder when 371 is divided by 43.
27
Calculate the remainder when 27347 is divided by 13668.
11
What is the remainder when 1360 is divided by 315?
100
Calculate the remainder when 6416 is divided by 5860.
556
What is the remainder when 158983 is divided by 35?
13
Calculate the remainder when 56245 is divided by 1653.
43
Calculate the remainder when 1151105 is divided by 489.
488
What is the remainder when 269821 is divided by 136?
133
What is the remainder when 1018 is divided by 537?
481
What is the remainder when 9018 is divided by 430?
418
Calculate the remainder when 58974 is divided by 19205.
1359
What is the remainder when 2360 is divided by 980?
400
What is the remainder when 158476 is divided by 5?
1
Calculate the remainder when 80271 is divided by 11461.
44
Calculate the remainder when 231381 is divided by 13.
7
Calculate the remainder when 685316 is divided by 60.
56
What is the remainder when 820 is divided by 399?
22
What is the remainder when 189887 is divided by 184?
183
What is the remainder when 6978 is divided by 230?
78
Calculate the remainder when 6786 is divided by 188.
18
What is the remainder when 268659 is